230 + 231
-2
What is -5 - (1 - (-7 + 18))?
5
-5 - (-15 - -8) - (-3 + 2)
3
Calculate 3 + (-7 - (3 - 5)) - -5.
3
Evaluate 0 - 2 - (18 + -9 - 13).
2
What is the value of -2 - -2 - (5 + -2 + 6)?
-9
Calculate 12 + -10 - (-1 - (-2 - -2)).
3
Calculate 1 - -5 - (-6 - (-8 - 0)).
4
3 + (-4 - (-3 + 1)) - -3
4
Calculate (6 - (-2 - 0)) + -46 + 41.
3
Evaluate 8 + -12 - (-3 + 8).
-9
Calculate (-3 - 0) + 0 + 1 + -3.
-5
What is (79 - 81) + 0 + (0 - 1)?
-3
-69 + 65 + 2 + 2 + 7
7
What is the value of 0 + 3 + (0 + -3 - -7)?
7
What is -7 - (0 + -5 + (-10 - -9))?
-1
Evaluate (5 - -1) + (2 - (-1 + 3)).
6
What is the value of 12 - 34 - -9 - -13?
0
8 + (-11 - -16) + -14
-1
Calculate 5 - (-1 - (-3 - 1)).
2
Calculate (13 - 1) + -11 - -2.
3
Calculate 0 + -9 + 1 + 4 + 13.
9
What is 7 + -5 + (1 - -2)?
5
What is the value of -14 - (-12 + -1) - 2?
-3
What is (16 - 23) + (5 - (-1 - -2))?
-3
What is -5 + (0 - -6) - -3 - 3?
1
-4 - (2 - 3) - 6 - -5
-4
What is (27 - 35) + -1 + 5?
-4
Evaluate 0 - 3 - -3 - 0.
0
What is -132 - -123 - (0 - 7)?
-2
What is the value of 0 + (10 - (18 - 10))?
2
What is the value of 2 + -6 + (12 - (-2 - -5))?
5
Evaluate 5 + -13 - (-10 - (-6 - 0)).
-4
What is (0 - -1) + -4 - (-2 + -3)?
2
What is 4 + (-4 - (-3 + (9 - 2)))?
-4
What is the value of -3 + 3 + -3 + 2 + -1?
-2
2 - (3 - 0) - (-1 - -5)
-5
Evaluate -3 + -3 - (4 + -9) - -2.
1
Calculate -21 - (12 - (29 - 4)).
-8
What is -1 + 3 + (-8 + 7 - 2)?
-1
7 + -18 + 6 + 5 + 5
5
What is the value of (1 + -7 - -3) + 6 - 1?
2
Evaluate 0 + 5 + (2 - -11) + -17.
1
Evaluate 19 - (21 + -4) - (-6 + 1).
7
Calculate -9 - (-6 + 0 + (-4 - -8)).
-7
What is the value of 7 - (7 - 9) - 1?
8
Evaluate 1 + (-6 - (1 + -1)) + 1.
-4
Calculate 13 + -4 + -4 - 1.
4
What is 1 + 4 + (1 + 0 - 1)?
5
4 + 10 + 10 + -8 + -7
9
What is 25 - 31 - (0 + -8) - 8?
-6
What is the value of -1 + (8 - 3) + -1?
3
What is the value of 0 + 2 - (-2 + 9)?
-5
What is -3 + -1 + (4 - -3) + -1?
2
3 + -4 + 3 - (-19 + 17)
4
What is the value of 2 - (0 - (4 - 4))?
2
-4 + -1 + (5 - -1) - 4
-3
Evaluate -4 - (0 - 0) - (-9 - -2).
3
25 - 30 - (1 + -6)
0
Calculate -3 + 4 + -8 - -4 - -6.
3
Evaluate 3 + (2 - (-4 - (-10 + 5))).
4
Calculate (-26 - -29) + (1 + -1 - -1).
4
Evaluate 0 + 4 - (4 + -4).
4
Evaluate 2 + (5 - (2 - -1)).
4
What is 2 - (-5 + (-1 - -2) + 7)?
-1
What is the value of (-1 - 3) + (3 - 2 - 2)?
-5
Evaluate 1 + (-2 - (4 - 6)).
1
0 + (-1 - -2) + -5
-4
1 + (-7 - 0) + 5
-1
13 - (-1 - -5) - 2
7
-3 + -1 + (1 - -7)
4
Evaluate -1 - (-3 - (2 + -2 + -7)).
-5
Evaluate 3 + 0 - (-140 + 147).
-4
What is 7 + -12 + (10 - 9)?
-4
3 + (-4 - (-8 + 6))
1
2 + (5 - (4 - 0))
3
What is -13 + 5 + (-5 - -19)?
6
Evaluate -7 - (2 + -5 + -10).
6
Calculate 0 + -7 - (-84 - -79).
-2
Calculate 8 + (1 + 5 - (30 + -25)).
9
Evaluate (-7 - -3) + 7 + -4 + 1.
0
What is the value of -3 - (3 - 4) - -7 - 1?
4
Evaluate 5 - (-4 + (2 - 4) + 7).
4
What is the value of 12 - (-4 - -7) - 8?
1
0 + -1 + 1 + -2 + 3
1
Calculate -20 - -20 - (1 + -4 + -1).
4
16 + -2 + -7 - 11
-4
What is the value of -57 + 54 - (-7 + 0)?
4
-9 + (5 - 7) + 2 - -4
-5
Evaluate -38 + 40 + -3 + 0 + -3.
-4
What is the value of 1 + (6 - 0) + 50 + -57?
0
Evaluate -1 - 13 - (-22 - -8 - -11).
-11
What is -7 - ((3 - 1) + -1) - -4?
-4
What is (1 - 14) + 11 + (1 - -4)?
3
Evaluate (3 + -5 - -3) + -6.
-5
What is (20 - 22) + 4 + 1?
3
What is -1 - (-3 - (2 + -3) - -5)?
-4
Evaluate (-5 - (-7 + 5) - -2) + 0.
-1
Calculate -2 - (-2 + (-3 - -11) + -2).
-6
What is the value of 3 + -5 + 0 - -6?
4
What is 2 + -4 - (-14 - -5)?
7
(2 - 0) + -2 - (0 - 3)
3
-5 + 9 - (-4 - -12)
-4
3 + 4 + -6 + -5 + 3
-1
Calculate 0 + 7 + 0 + -1.
6
Evaluate 7 + (-4 + 2 - 0).
5
What is 4 - 6 - (-7 - (-1 + -1))?
3
Calculate -4 - (-3 - 3) - 1.
1
1 + -4 - (1 + 0 + -2)
-2
-3 - (-1 + -9 + 2)
5
What is the value of (1 - 4) + 10 - 2?
5
What is -11 + 11 - (0 + 3)?
-3
What is (-11 - (-16 - 0)) + -7 + 1?
-1
Calculate -1 - (-3 + 4) - 3.
-5
Calculate (-2 - -2) + 0 + 5 + 1.
6
Calculate (4 - 4) + -3 - (13 - 14).
-2
Calculate 4 - (15 + -4) - -2 - 1.
-6
What is the value of (3 + -16 - -3) + 7 - -10?
7
What is the value of -6 - (4 - (18 + -7))?
1
(1 - 6) + (-7 - -2 - -12)
2
-3 + -1 - (-5 - (7 + -11))
-3
Evaluate 8 - (-4 + 12 + -5) - 2.
3
Evaluate -2 - -10 - (5 - 3).
6
What is the value of 4 + (3 + 0 - 4) - 2?
1
Calculate 3 + (4 - 3) - 0 - 1.
3
-27 + 45 + -9 + -2
7
What is -3 - (-2 - 1) - 1?
-1
What is the value of (0 - -2 - 1) + 0 + 3?
4
Evaluate 0 + (9 - 9 - (7 - 1)).
-6
Calculate -1 + 2 - (78 - 69) - 1.
-9
Evaluate -13 + 6 + 1 + 3.
-3
Evaluate 1 + -5 + 48 + -44.
0
What is -11 + 2 + 4 - -2 - 0?
-3
Evaluate -3 - 5 - (-7 + 3).
-4
Evaluate 3 + 1 - (1 - -2).
1
What is (-1 - 4) + 6 + 2 + 1?
4
Calculate 16 - 8 - (-4 + 15).
-3
Calculate -9 - (-22 + 12) - -4.
5
What is the value of (-2 - -1) + 2 + 1 + -6?
-4
Evaluate -2 + 4 + -6 - -3.
-1
4 - ((8 - 3) + 2)
-3
Calculate 5 + 2 + -5 - (3 - -1).
-2
What is (-4 - 1) + 1 + -1 + 9?
4
Evaluate -5 - ((-4 - -4) + -1 + -2).
-2
What is -3 - -3 - (4 + -5)?
1
Calculate -1 - (1 - 1 - 4).
3
What is the value of -6 + 2 + (1 - -1)?
-2
(4 - (-3 + 2 - -1)) + -2
2
Evaluate -5 - (-4 + (0 - 0)).
-1
Calculate -3 + (3 + 0 - -3 - -1).
4
Calculate -1 + (-2 - 1 - (9 + -11)).
-2
What is the value of (5 - 4) + -6 + -1 + 2?
-4
What is 4 + 6 + -2 + (3 - 2)?
9
What is the value of 0 + 0 + (2 - -3) + -3?
2
Calculate -20 - (13 + -32) - (-5 + 1).
3
Evaluate -7 + (7 - (10 - 6)).
-4
Evaluate (0 - 0) + 4 + 6.
10
What is (-4 - 0) + 4 + (-2 - -2)?
0
-1 + 3 + -5 - -4 - 2
-1
Calculate -4 - (-1 + 3) - -3.
-3
What is the value of -13 - -16 - (-2 - (-2 + -1))?
2
What is the value of -3 - -4 - -1 - (16 + -10)?
-4
What is the value of (1 + -8 - 0) + 0 + 6?
-1
What is (4 - 0) + -3 + -5 + -1?
-5
Evaluate 5 - (-1 - (4 - 7)) - 9.
-6
What is 16 - 17 - (2 + 0)?
-3
Calculate (3 + 0 - (2 + -2)) + -2.
1
What is (7 + -6 - 2) + -2 + -3?
-6
What is -3 - (7 + -8 - (-5 + 2))?
-5
What is the value of (-7 - 1) + (4 - -5)?
1
-1 + 0 + (18 - 10)
7
What is -5 + (-12 - (-1 + -6 + 0))?
-10
What is 2 + -4 + -2 - -4?
0
Calculate -3 + 0 + 5 + (-9 - -10).
3
What is the value of -2 + 2 + (-3 - -5)?
2
What is 5 - 1 - (8 - 0) - 2?
-6
(-2 + 0 - -3) + (-54 - -47)
-6
5 - (17 - (-2 - -6))
-8
Calculate 0 + (-1 - 0 - -1).
0
Evaluate 17 + -11 - (3 + 6).
-3
-31 + 43 + 2 + 1 + -4
11
What is (9 - (-6 - -14 - 2)) + 4?
7
1 - (4 + -1) - (-1 + -5)
4
What is the value of (9 - -3) + (-10 - (3 - 6))?
5
Calculate 0 - (0 - (-2 - (0 - 2))).
0
What is -6 + -3 + (5 - -6 - 4)?
-2
Evaluate 0 - 9 - (-12 + 11 + 0).
-8
What is 0 + -5 - (-36 + 26) - 2?
3
What is 2 + (-4 - (-2 + 0))?
0
-1 + 5 + 1 + -2 + -4
-1
Evaluate 1 - (2 - 6) - 5.
0
Calculate 2 + 2 + (-3 + 2 - -2).
5
What is the value of 18 + -19 - (0 - 5)?
4
What is 1 - (-21 + (4 - -9))?
9
What is 2 - 1 - (20 - 14)?
-5
Calculate -1 - (-4 + -1 + 5 - 3).
2
What is 7 - (6 - 4 - 11 - -22)?
-6
Evaluate -3 + 1 - (3 - (-2 - -7)).
0
What is the value of 24 + -17 + (-10 - 0)?
-3
Calculate (3 - 9) + (-3 - (-4 - 0)).
-5
(-1 - 3 - -2 - -5) + 2
5
-4 + (5 - (1 - 1))
1
Calculate -7 - ((10 - 32) + 9).
6
-8 + (2 - (12 + -8))
-10
What is -2 + -9 + 7 - (6 - 3)?
-7
8 - (7 + -8) - 1
8
What is the value of -3 + (-3 - -6) + -38 + 30?
-8
What is 48 + -49 + 0 + -1?
-2
What is -3 - -1 - (1 - 6)?
3
Evaluate -2 - (-4 + -1 + -1 + -2).
6
-3 - 3 - (1 - 9) - 2
0
Calculate -5 + -2 + 5 + (3 - 2).
-1
-8 + -8 - -6 - -3
-7
21 - 0 - (30 - 19)
10
What is 6 + -6 + 1 + 3 + -3?
1
Evaluate -8 - -2 - -5 - -1.
0
Evaluate (-1 - (-1 - -4)) + -31 + 27.
-8
What is 0 - (-9 - -18 - 9)?
0
Evaluate (-1 - -7) + (-2 - 2) + -5.
-3
Evaluate (4 - (5 + -2) - 2) + 2.
1
0 + 7 - (4 - 2) - -3
8
3 - (7 - (6 - 3))
-1
(-6 - (-17 - -10)) + -7
-6
Evaluate 14 + -11 + -1 + 1 + -1.
2
-6 - (-5 + 1 - 1)
-1
What is 1 - -3 - (8 - 5 - -2)?
-1
-3 + -5 - (19 + -26)
-1
Calculate 2 + (-11 - -5) + 11 - 5.
2
Calculate (-4 - (-2 - 4 - -2)) + 1.
1
-15 - (-19 + 11) - (6 + -3)
-10
What is 0 + (3 + 1 + -5 - -6)?
5
Evaluate -5 - -3 - -8 - 3 - 5.
-2
What is 5 - ((-1 - -7) + -5)?
4
-4 + 3 + (-15 - -12)
-4
Calculate 4 + 0 - ((3 - -4) + -4).
1
What is 10 + (47 - 41 - (8 + 1))?
7
Evaluate 6 + -9 + (-3 - -7).
1
What is (-15 - -4) + 0 + 5 + 0?
-6
What is the value of 13 + -4 + -12 - 0?
-3
Calculate -6 + 0 + 6 + 2.
2
What is the value of 2 - -4 - (-66 + 64)?
8
Calculate -36 - -35 - (-2 - -1).
0
C